e thousands digit of 2879871?
9
What is the tens digit of 21533523?
2
What is the tens digit of 3427912?
1
What is the thousands digit of 1524088?
4
What is the millions digit of 1092648?
1
What is the thousands digit of 1931888?
1
What is the hundred thousands digit of 745638?
7
What is the hundred thousands digit of 6984050?
9
What is the hundred thousands digit of 260949?
2
What is the hundreds digit of 11351413?
4
What is the units digit of 483556?
6
What is the thousands digit of 724093?
4
What is the ten thousands digit of 587008?
8
What is the tens digit of 1560256?
5
What is the ten millions digit of 19384075?
1
What is the hundred thousands digit of 956330?
9
What is the hundreds digit of 8851?
8
What is the hundreds digit of 180962?
9
What is the hundred thousands digit of 1235828?
2
What is the tens digit of 66150?
5
What is the hundred thousands digit of 2910464?
9
What is the units digit of 2112978?
8
What is the units digit of 193798?
8
What is the hundreds digit of 3417080?
0
What is the units digit of 11835?
5
What is the hundreds digit of 5878703?
7
What is the tens digit of 122275?
7
What is the hundreds digit of 621851?
8
What is the hundred thousands digit of 989845?
9
What is the ten thousands digit of 7860621?
6
What is the units digit of 26533?
3
What is the tens digit of 45848?
4
What is the millions digit of 5353302?
5
What is the tens digit of 22881344?
4
What is the hundred thousands digit of 990853?
9
What is the hundreds digit of 37719?
7
What is the hundred thousands digit of 1951515?
9
What is the ten thousands digit of 242024?
4
What is the hundred thousands digit of 6053468?
0
What is the units digit of 378581?
1
What is the ten thousands digit of 269492?
6
What is the ten thousands digit of 631818?
3
What is the ten thousands digit of 2785909?
8
What is the units digit of 271481?
1
What is the millions digit of 1766031?
1
What is the tens digit of 264147?
4
What is the tens digit of 3033136?
3
What is the hundred thousands digit of 10322194?
3
What is the thousands digit of 2554808?
4
What is the units digit of 675545?
5
What is the ten thousands digit of 241977?
4
What is the units digit of 304048?
8
What is the thousands digit of 12293?
2
What is the ten thousands digit of 199812?
9
What is the hundred thousands digit of 7977144?
9
What is the ten thousands digit of 921997?
2
What is the thousands digit of 541054?
1
What is the tens digit of 1742108?
0
What is the units digit of 1678907?
7
What is the tens digit of 530563?
6
What is the tens digit of 414360?
6
What is the ten thousands digit of 462269?
6
What is the ten thousands digit of 23967068?
6
What is the hundreds digit of 10349875?
8
What is the tens digit of 58196?
9
What is the thousands digit of 1653130?
3
What is the hundred thousands digit of 966143?
9
What is the tens digit of 35400101?
0
What is the tens digit of 36365?
6
What is the hundred thousands digit of 34288583?
2
What is the thousands digit of 42478?
2
What is the hundred thousands digit of 7458427?
4
What is the hundred thousands digit of 3495156?
4
What is the tens digit of 774831?
3
What is the hundreds digit of 9054027?
0
What is the millions digit of 1159968?
1
What is the thousands digit of 416776?
6
What is the thousands digit of 319831?
9
What is the millions digit of 11787807?
1
What is the thousands digit of 2549030?
9
What is the hundreds digit of 3032266?
2
What is the thousands digit of 284055?
4
What is the ten thousands digit of 1834541?
3
What is the hundred thousands digit of 667296?
6
What is the hundreds digit of 9544854?
8
What is the hundreds digit of 22989632?
6
What is the hundred thousands digit of 9622406?
6
What is the hundreds digit of 20279426?
4
What is the ten thousands digit of 32653125?
5
What is the hundred thousands digit of 187101?
1
What is the hundred thousands digit of 152148?
1
What is the tens digit of 595916?
1
What is the tens digit of 43172?
7
What is the hundreds digit of 2181924?
9
What is the hundred thousands digit of 22082065?
0
What is the hundred thousands digit of 409756?
4
What is the ten millions digit of 35296357?
3
What is the thousands digit of 377898?
7
What is the thousands digit of 12273914?
3
What is the thousands digit of 543139?
3
What is the thousands digit of 35547?
5
What is the hundreds digit of 372877?
8
What is the units digit of 2801315?
5
What is the hundreds digit of 37128?
1
What is the thousands digit of 207109?
7
What is the thousands digit of 2606912?
6
What is the hundreds digit of 34330836?
8
What is the ten thousands digit of 156810?
5
What is the ten millions digit of 29336921?
2
What is the ten thousands digit of 473601?
7
What is the ten thousands digit of 7021004?
2
What is the units digit of 427640?
0
What is the millions digit of 2835638?
2
What is the hundred thousands digit of 5945280?
9
What is the hundreds digit of 2308470?
4
What is the hundred thousands digit of 2012008?
0
What is the hundreds digit of 66470?
4
What is the units digit of 67840?
0
What is the ten millions digit of 16989296?
1
What is the hundred thousands digit of 1223617?
2
What is the ten thousands digit of 95379?
9
What is the hundreds digit of 284926?
9
What is the units digit of 290850?
0
What is the thousands digit of 1105654?
5
What is the tens digit of 5886?
8
What is the hundreds digit of 389468?
4
What is the hundred thousands digit of 9320143?
3
What is the tens digit of 1044636?
3
What is the tens digit of 1028532?
3
What is the units digit of 247360?
0
What is the tens digit of 24491341?
4
What is the units digit of 290156?
6
What is the units digit of 4685161?
1
What is the ten thousands digit of 2162941?
6
What is the ten thousands digit of 5468215?
6
What is the tens digit of 3168428?
2
What is the units digit of 2810376?
6
What is the hundred thousands digit of 806815?
8
What is the tens digit of 337217?
1
What is the tens digit of 34434975?
7
What is the ten thousands digit of 1637748?
3
What is the hundred thousands digit of 1086419?
0
What is the thousands digit of 639271?
9
What is the hundreds digit of 196866?
8
What is the hundreds digit of 9235759?
7
What is the hundred thousands digit of 504543?
5
What is the units digit of 51632?
2
What is the hundreds digit of 736102?
1
What is the units digit of 1077788?
8
What is the hundreds digit of 576550?
5
What is the hundred thousands digit of 3101779?
1
What is the tens digit of 10741708?
0
What is the units digit of 180896?
6
What is the thousands digit of 175196?
5
What is the millions digit of 7236503?
7
What is the thousands digit of 138423?
8
What is the millions digit of 3844967?
3
What is the hundreds digit of 7303733?
7
What is the thousands digit of 10867409?
7
What is the tens digit of 2300708?
0
What is the ten millions digit of 20810199?
2
What is the thousands digit of 51024?
1
What is the hundred thousands digit of 10097215?
0
What is the thousands digit of 262585?
2
What is the thousands digit of 776294?
6
What is the units digit of 5394094?
4
What is the tens digit of 73965?
6
What is the thousands digit of 5443148?
3
What is the units digit of 152923?
3
What is the millions digit of 2328434?
2
What is the thousands digit of 3128554?
8
What is the units digit of 26831?
1
What is the millions digit of 4912892?
4
What is the units digit of 23688?
8
What is the tens digit of 5351853?
5
What is the thousands digit of 355704?
5
What is the hundred thousands digit of 6529384?
5
What is the tens digit of 101303?
0
What is the tens digit of 8692727?
2
What is the units digit of 3778634?
4
What is the millions digit of 2942642?
2
What is the thousands digit of 3331475?
1
What is the units digit of 111259?
9
What is the hundreds digit of 29422215?
2
What is the hundreds digit of 322411?
4
What is the hundred thousands digit of 2302347?
3
What is the ten thousands digit of 2251343?
5
What is the units digit of 5523029?
9
What is the thousands digit of 130391?
0
What is the thousands digit of 127065?
7
What is the ten thousands digit of 49995?
4
What is the hundreds digit of 6540997?
9
What is the units digit of 4755800?
0
What is the hundreds digit of 10768362?
3
What is the thousands digit of 54754?
4
What is the thousands digit of 344446?
4
What is t